{"id":1420,"date":"2026-02-11T22:16:20","date_gmt":"2026-02-11T22:16:20","guid":{"rendered":"https:\/\/videhandmade.pl\/?post_type=product&#038;p=1420"},"modified":"2026-03-20T14:52:40","modified_gmt":"2026-03-20T14:52:40","slug":"kubek-motywacyjny-twierdza-3","status":"publish","type":"product","link":"https:\/\/videhandmade.pl\/?product=kubek-motywacyjny-twierdza-3","title":{"rendered":"Kubek motywacyjny Twierdza 3"},"content":{"rendered":"<p>Kubek dla fant\u00f3w Twierdzy Krzy\u017cowiec<br \/>\n<em>Jest to produkt wykonany r\u0119cznie. Drobne nieregularno\u015bci na powierzchni cz\u0119\u015bci p\u0142askich produktu s\u0105 jego normaln\u0105 cech\u0105.<\/em><\/p>\n<p><em>Kolory mog\u0105 si\u0119 nieznacznie r\u00f3\u017cni\u0107 od przedstawionych na zdj\u0119ciu.<\/em><\/p>\n<p><em>Przy zakupie danego produktu na zam\u00f3wienie nie b\u0119dzie on wykonany w 100% identycznie z przedstawion\u0105 na zdj\u0119ciu wersj\u0105, zw\u0142aszcza przy projektach z du\u017c\u0105 ilo\u015bci\u0105 szczeg\u00f3\u0142\u00f3w. Jest to zaleta, gdy\u017c ka\u017cdy produkt jest oryginalny i niepowtarzalny!<\/em><\/p>\n<p><em>Mo\u017cna my\u0107 w zmywarce \ud83d\ude42<\/em><\/p>\n","protected":false},"excerpt":{"rendered":"<p data-start=\"120\" data-end=\"340\">Niezb\u0119dnik ka\u017cdego fana Twierdzy Krzy\u017cowiec &#8211; napawa nostalgi\u0105 i poprawia humor ka\u017cdego dnia. Idealny zar\u00f3wno do domu jak i do pracy, warto pochwali\u0107 si\u0119 nim szefowi.<\/p>\n<p class=\"\" data-start=\"120\" data-end=\"340\">Kubek toczony na kole z jasnej, be\u017cowej gliny, odbitym napisem i na\u0142o\u017conym szkliwem efektowym. Wypalony na wysoki spiek.<\/p>\n<p>Zajrzyj do szczeg\u00f3\u0142\u00f3w produktu, aby sprawdzi\u0107 wielko\u015b\u0107 i pojemno\u015b\u0107 \ud83d\ude42<\/p>\n","protected":false},"featured_media":1408,"comment_status":"open","ping_status":"closed","template":"","meta":[],"product_brand":[27],"product_cat":[43],"product_tag":[120,121,118,119],"class_list":{"0":"post-1420","1":"product","2":"type-product","3":"status-publish","4":"has-post-thumbnail","6":"product_brand-vide-handmade","7":"product_cat-kubki-do-500ml-kubki","8":"product_tag-dla-gracza","9":"product_tag-skarbiec","10":"product_tag-stronghold-crusader","11":"product_tag-twierdza-krzyzowiec","12":"product_shipping_class-kubki-srednia","14":"first","15":"instock","16":"sold-individually","17":"shipping-taxable","18":"purchasable","19":"product-type-simple"},"jetpack_sharing_enabled":true,"_links":{"self":[{"href":"https:\/\/videhandmade.pl\/index.php?rest_route=\/wp\/v2\/product\/1420","targetHints":{"allow":["GET"]}}],"collection":[{"href":"https:\/\/videhandmade.pl\/index.php?rest_route=\/wp\/v2\/product"}],"about":[{"href":"https:\/\/videhandmade.pl\/index.php?rest_route=\/wp\/v2\/types\/product"}],"replies":[{"embeddable":true,"href":"https:\/\/videhandmade.pl\/index.php?rest_route=%2Fwp%2Fv2%2Fcomments&post=1420"}],"wp:featuredmedia":[{"embeddable":true,"href":"https:\/\/videhandmade.pl\/index.php?rest_route=\/wp\/v2\/media\/1408"}],"wp:attachment":[{"href":"https:\/\/videhandmade.pl\/index.php?rest_route=%2Fwp%2Fv2%2Fmedia&parent=1420"}],"wp:term":[{"taxonomy":"product_brand","embeddable":true,"href":"https:\/\/videhandmade.pl\/index.php?rest_route=%2Fwp%2Fv2%2Fproduct_brand&post=1420"},{"taxonomy":"product_cat","embeddable":true,"href":"https:\/\/videhandmade.pl\/index.php?rest_route=%2Fwp%2Fv2%2Fproduct_cat&post=1420"},{"taxonomy":"product_tag","embeddable":true,"href":"https:\/\/videhandmade.pl\/index.php?rest_route=%2Fwp%2Fv2%2Fproduct_tag&post=1420"}],"curies":[{"name":"wp","href":"https:\/\/api.w.org\/{rel}","templated":true}]}}