{"id":1237,"date":"2025-06-07T15:55:46","date_gmt":"2025-06-07T15:55:46","guid":{"rendered":"https:\/\/videhandmade.pl\/?post_type=product&#038;p=1237"},"modified":"2026-03-19T21:34:41","modified_gmt":"2026-03-19T21:34:41","slug":"elf-straznik-rycerz","status":"publish","type":"product","link":"https:\/\/videhandmade.pl\/?product=elf-straznik-rycerz","title":{"rendered":"Elf stra\u017cnik\/ rycerz"},"content":{"rendered":"<p>R\u0119cznie malowana figurka RPG<\/p>\n","protected":false},"excerpt":{"rendered":"<p>Figurka przedstawiaj\u0105ca elfa stra\u017cnika<\/p>\n<p>Podstawka 25 mm<\/p>\n<p>Wysoko\u015b\u0107 z podstawk\u0105 38 mm<\/p>\n<p>Sprawd\u017a wi\u0119cej r\u0119cznie malowanych figurek RPG do DnD, Pathfinder, Warhammer \ud83d\ude09<\/p>\n","protected":false},"featured_media":1238,"comment_status":"open","ping_status":"closed","template":"","meta":[],"product_brand":[27],"product_cat":[104],"product_tag":[80,68,105,106,30],"class_list":{"0":"post-1237","1":"product","2":"type-product","3":"status-publish","4":"has-post-thumbnail","6":"product_brand-vide-handmade","7":"product_cat-malowane","8":"product_tag-dnd","9":"product_tag-druk-3d","10":"product_tag-figurki-rpg","11":"product_tag-miniatury","12":"product_tag-rpg","14":"first","15":"instock","16":"shipping-taxable","17":"purchasable","18":"product-type-simple"},"jetpack_sharing_enabled":true,"_links":{"self":[{"href":"https:\/\/videhandmade.pl\/index.php?rest_route=\/wp\/v2\/product\/1237","targetHints":{"allow":["GET"]}}],"collection":[{"href":"https:\/\/videhandmade.pl\/index.php?rest_route=\/wp\/v2\/product"}],"about":[{"href":"https:\/\/videhandmade.pl\/index.php?rest_route=\/wp\/v2\/types\/product"}],"replies":[{"embeddable":true,"href":"https:\/\/videhandmade.pl\/index.php?rest_route=%2Fwp%2Fv2%2Fcomments&post=1237"}],"wp:featuredmedia":[{"embeddable":true,"href":"https:\/\/videhandmade.pl\/index.php?rest_route=\/wp\/v2\/media\/1238"}],"wp:attachment":[{"href":"https:\/\/videhandmade.pl\/index.php?rest_route=%2Fwp%2Fv2%2Fmedia&parent=1237"}],"wp:term":[{"taxonomy":"product_brand","embeddable":true,"href":"https:\/\/videhandmade.pl\/index.php?rest_route=%2Fwp%2Fv2%2Fproduct_brand&post=1237"},{"taxonomy":"product_cat","embeddable":true,"href":"https:\/\/videhandmade.pl\/index.php?rest_route=%2Fwp%2Fv2%2Fproduct_cat&post=1237"},{"taxonomy":"product_tag","embeddable":true,"href":"https:\/\/videhandmade.pl\/index.php?rest_route=%2Fwp%2Fv2%2Fproduct_tag&post=1237"}],"curies":[{"name":"wp","href":"https:\/\/api.w.org\/{rel}","templated":true}]}}