{"id":1201,"date":"2025-06-05T21:11:28","date_gmt":"2025-06-05T21:11:28","guid":{"rendered":"https:\/\/videhandmade.pl\/?post_type=product&#038;p=1201"},"modified":"2026-03-23T18:42:59","modified_gmt":"2026-03-23T18:42:59","slug":"child-of-fern-czarka-4","status":"publish","type":"product","link":"https:\/\/videhandmade.pl\/?product=child-of-fern-czarka-4","title":{"rendered":"Child of Fern &#8211; puzderko"},"content":{"rendered":"<p>Magiczne puzderko z wydrapanym motywem ciem i paproci.<\/p>\n<p>Cena za 1 sztuk\u0119.<\/p>\n","protected":false},"excerpt":{"rendered":"<p>Child of Fern \u2013 puzderko z \u0107mami.<br \/>\nPuzderko to efekt r\u0119cznej pracy z u\u017cyciem techniki sgraffitto. Delikatne wzory przedstawiaj\u0105ce \u0107my, paprocie i inne le\u015bne motywy s\u0105 unikatowe \u2013 ka\u017cda \u0107ma jest jedyna w swoim rodzaju. Puzderko s\u0105 lekkie dzi\u0119ki cienkim \u015bciankom i idealnie nadaj\u0105 si\u0119 na przechowywanie s\u0142odyczy, przypraw czy zi\u00f3\u0142 \ud83d\ude09<\/p>\n<p>Zerknij na tag Child of Fern &#8211; z tej kolekcji mam sporo produkt\u00f3w!<\/p>\n<p><em>Jest to produkt wykonany r\u0119cznie. Drobne nieregularno\u015bci na powierzchni cz\u0119\u015bci p\u0142askich produktu s\u0105 jego normaln\u0105 cech\u0105.<\/em><br \/>\n<em>Kolory mog\u0105 si\u0119 nieznacznie r\u00f3\u017cni\u0107 od przedstawionych na zdj\u0119ciu.<\/em><\/p>\n<p><em>Przy zakupie danego produktu na zam\u00f3wienie nie b\u0119dzie on wykonany w 100% identycznie z przedstawion\u0105 na zdj\u0119ciu wersj\u0105, zw\u0142aszcza przy projektach z du\u017c\u0105 ilo\u015bci\u0105 szczeg\u00f3\u0142\u00f3w. Jest to zaleta, gdy\u017c ka\u017cdy produkt jest oryginalny i niepowtarzalny!<\/em><\/p>\n<p><em>Mo\u017cna my\u0107 w zmywarce \ud83d\ude42<\/em><\/p>\n","protected":false},"featured_media":1210,"comment_status":"open","ping_status":"closed","template":"","meta":[],"product_brand":[27],"product_cat":[96],"product_tag":[54,56,101,102,57],"class_list":{"0":"post-1201","1":"product","2":"type-product","3":"status-publish","4":"has-post-thumbnail","6":"product_brand-vide-handmade","7":"product_cat-pojemniki-pudelka","8":"product_tag-child-of-fern","9":"product_tag-magiczne","10":"product_tag-pudelko","11":"product_tag-puzderko","12":"product_tag-sgrafitto","14":"first","15":"onbackorder","16":"sold-individually","17":"shipping-taxable","18":"purchasable","19":"product-type-simple"},"jetpack_sharing_enabled":true,"_links":{"self":[{"href":"https:\/\/videhandmade.pl\/index.php?rest_route=\/wp\/v2\/product\/1201","targetHints":{"allow":["GET"]}}],"collection":[{"href":"https:\/\/videhandmade.pl\/index.php?rest_route=\/wp\/v2\/product"}],"about":[{"href":"https:\/\/videhandmade.pl\/index.php?rest_route=\/wp\/v2\/types\/product"}],"replies":[{"embeddable":true,"href":"https:\/\/videhandmade.pl\/index.php?rest_route=%2Fwp%2Fv2%2Fcomments&post=1201"}],"wp:featuredmedia":[{"embeddable":true,"href":"https:\/\/videhandmade.pl\/index.php?rest_route=\/wp\/v2\/media\/1210"}],"wp:attachment":[{"href":"https:\/\/videhandmade.pl\/index.php?rest_route=%2Fwp%2Fv2%2Fmedia&parent=1201"}],"wp:term":[{"taxonomy":"product_brand","embeddable":true,"href":"https:\/\/videhandmade.pl\/index.php?rest_route=%2Fwp%2Fv2%2Fproduct_brand&post=1201"},{"taxonomy":"product_cat","embeddable":true,"href":"https:\/\/videhandmade.pl\/index.php?rest_route=%2Fwp%2Fv2%2Fproduct_cat&post=1201"},{"taxonomy":"product_tag","embeddable":true,"href":"https:\/\/videhandmade.pl\/index.php?rest_route=%2Fwp%2Fv2%2Fproduct_tag&post=1201"}],"curies":[{"name":"wp","href":"https:\/\/api.w.org\/{rel}","templated":true}]}}